{"id":3345,"date":"2019-05-14T20:01:33","date_gmt":"2019-05-14T20:01:33","guid":{"rendered":"http:\/\/estudiocl.com\/inicio\/?page_id=3345"},"modified":"2019-05-16T19:02:04","modified_gmt":"2019-05-16T19:02:04","slug":"abogados-san-luis","status":"publish","type":"page","link":"https:\/\/estudiocl.com\/inicio\/abogados-san-luis\/","title":{"rendered":"Abogados en San Luis"},"content":{"rendered":"<p><span style=\"vertical-align: inherit;\"><span style=\"vertical-align: inherit;\"><span style=\"vertical-align: inherit;\"><span style=\"vertical-align: inherit;\"><span style=\"vertical-align: inherit;\"><span style=\"vertical-align: inherit;\"><div class=\"mp-span12 motopress-clmn\"><\/div><\/span><\/span><\/span><\/span><\/span><\/span><\/p>\n<h2 style=\"text-align: center;\">ABOGADOS LACL\u00c9 en SAN LUIS<\/h2>\n<h3><span style=\"vertical-align: inherit;\"><span style=\"vertical-align: inherit;\"><span style=\"vertical-align: inherit;\"><span style=\"vertical-align: inherit;\"><div class=\"sm_hr\"><\/div><!-- .sm_hr (end) --><\/span><\/span><\/span><\/span><\/h3>\n<h2 style=\"text-align: center;\">Abogado Responsable:<\/h2>\n<h2 style=\"text-align: center;\"><strong><span style=\"vertical-align: inherit;\"><span style=\"vertical-align: inherit;\"><span style=\"vertical-align: inherit;\"><span style=\"vertical-align: inherit;\"><span style=\"vertical-align: inherit;\"><span style=\"vertical-align: inherit;\">Dr. Rodrigo J. Tr\u00edpodi<\/span><\/span><\/span><\/span><\/span><\/span><\/strong><\/h2>\n<h3><span style=\"vertical-align: inherit;\"><span style=\"vertical-align: inherit;\"><span style=\"vertical-align: inherit;\"><span style=\"vertical-align: inherit;\"><div class=\"sm_hr\"><\/div><!-- .sm_hr (end) --><\/span><\/span><\/span><\/span><\/h3>\n<p><span style=\"vertical-align: inherit;\"><span style=\"vertical-align: inherit;\"><span style=\"vertical-align: inherit;\"><span style=\"vertical-align: inherit;\"><div class=\"support-box\"><div class=\"row\"><span class=\"title span3\">Obtenga respuesta a su consulta legal:<\/span><span class=\"phone span4\"><span class=\"phone-title\">Central de Turnos:<\/span><span class=\"phone-num\">351 6016629<\/span><\/span><span class=\"span2\"><span class=\"operation-time\">Atenci\u00f3n de lunes a viernes de 8 a 19 hs.<\/span><\/span><a href=\"http:\/\/estudiocl.com\/inicio\/contacts\/\" class=\"link span3\"><span class=\"inner\"><strong>Turnos<\/strong><small><\/small><\/span><\/a><\/div><\/div> <div class=\"row \"><\/div><!-- .row (end) --> <div class=\"span12 \"><\/div><\/span><\/span><\/span><\/span><\/p>\n<p>\u00a0<\/p>\n<h2><span style=\"vertical-align: inherit;\"><span style=\"vertical-align: inherit;\"><div class=\"sm_hr\"><\/div><!-- .sm_hr (end) --><\/span><\/span><\/h2>\n<h3><span style=\"vertical-align: inherit;\"><a href=\"http:\/\/estudiocl.com\/inicio\/wp-content\/uploads\/2019\/05\/Abogados-en-San-Luis.png\"><img fetchpriority=\"high\" decoding=\"async\" class=\" wp-image-3351 aligncenter\" src=\"http:\/\/estudiocl.com\/inicio\/wp-content\/uploads\/2019\/05\/Abogados-en-San-Luis-150x150.png\" alt=\"abogados en san luis\" width=\"250\" height=\"250\" srcset=\"https:\/\/estudiocl.com\/inicio\/wp-content\/uploads\/2019\/05\/Abogados-en-San-Luis-150x150.png 150w, https:\/\/estudiocl.com\/inicio\/wp-content\/uploads\/2019\/05\/Abogados-en-San-Luis-300x300.png 300w, https:\/\/estudiocl.com\/inicio\/wp-content\/uploads\/2019\/05\/Abogados-en-San-Luis-768x768.png 768w, https:\/\/estudiocl.com\/inicio\/wp-content\/uploads\/2019\/05\/Abogados-en-San-Luis-1024x1024.png 1024w, https:\/\/estudiocl.com\/inicio\/wp-content\/uploads\/2019\/05\/Abogados-en-San-Luis.png 1080w\" sizes=\"(max-width: 250px) 100vw, 250px\" \/><\/a><\/span><\/h3>\n<h2 style=\"text-align: center;\"><div class=\"clear\"><\/div><!-- .clear (end) --><\/h2>\n<h2 style=\"text-align: center;\"><div class=\"extra-wrap\"><strong>Contacto inmediato en Toda la Provincia de San Luis <\/strong><\/div><\/h2>\n<h2 style=\"text-align: center;\"><div class=\"clear\"><\/div><!-- .clear (end) --><\/h2>\n<h2 style=\"text-align: center;\">Av. Ej\u00e9rcito de los Andres 591 - San Luis\u00a0<\/h2>\n<p style=\"text-align: center;\"><a href=\"http:\/\/estudiocl.com\/inicio\/extra-header-content\/abogado-laboral-cordoba\/\" title=\"Laboral (Accidentes, Enfermedades, Despidos)\" class=\"btn btn-primary btn-normal btn-inline \" target=\"_top\">Laboral (Accidentes, Enfermedades, Despidos)<\/a><!-- .btn -->\n<p style=\"text-align: center;\"><a href=\"http:\/\/estudiocl.com\/inicio\/portfolio\/jubilaciones-y-pensiones\/\" title=\"Jubilaciones y Pensiones\" class=\"btn btn-primary btn-normal btn-inline \" target=\"_top\">Jubilaciones y Pensiones<\/a><!-- .btn -->\n<p style=\"text-align: center;\"><a href=\"http:\/\/estudiocl.com\/inicio\/derecho-civil\/\" title=\"Civil\" class=\"btn btn-primary btn-normal btn-inline \" target=\"_top\">Civil<\/a><!-- .btn -->\n<p style=\"text-align: center;\"><a href=\"http:\/\/estudiocl.com\/inicio\/derecho-civil\/\" title=\"Sociedades - Contratos - Usucapiones\" class=\"btn btn-primary btn-normal btn-inline \" target=\"_top\">Sociedades - Contratos - Usucapiones<\/a><!-- .btn -->\n<p style=\"text-align: center;\"><a href=\"http:\/\/estudiocl.com\/inicio\/declaratoria-de-herederos\/\" title=\"Sucesiones - Declaratorias de Herederos\" class=\"btn btn-primary btn-normal btn-inline \" target=\"_top\">Sucesiones - Declaratorias de Herederos<\/a><!-- .btn -->\n<p style=\"text-align: center;\">\u00a0 <a href=\"http:\/\/estudiocl.com\/inicio\/portfolio\/divorcios-cuotas-alimentarias\/\" title=\"Divorcios - Cuotas alimentarias\" class=\"btn btn-primary btn-normal btn-inline \" target=\"_top\">Divorcios - Cuotas alimentarias<\/a><!-- .btn -->\n<p style=\"text-align: center;\"><a href=\"http:\/\/estudiocl.com\/inicio\/derecho-penal\/\" title=\"Defensas Penales \" class=\"btn btn-primary btn-normal btn-inline \" target=\"_top\">Defensas Penales <\/a><!-- .btn -->\n<p style=\"text-align: center;\"><a href=\"http:\/\/estudiocl.com\/inicio\/portfolio\/marcas-y-patentes\/\" title=\"Marcas y Patentes\" class=\"btn btn-primary btn-normal btn-inline \" target=\"_top\">Marcas y Patentes<\/a><!-- .btn -->\n<p>\u00a0<\/p>\n<p><span style=\"vertical-align: inherit;\"><span style=\"vertical-align: inherit;\"><span style=\"vertical-align: inherit;\"><span style=\"vertical-align: inherit;\"><div class=\"google-map\"><iframe src=\"https:\/\/www.google.com\/maps\/embed?pb=!1m18!1m12!1m3!1d3335.217785349733!2d-66.336791482603!3d-33.29080807754495!2m3!1f0!2f0!3f0!3m2!1i1024!2i768!4f13.1!3m3!1m2!1s0x95d4394c8b468e0f%3A0xeb03b824c2ce51a!2sAv.+Ej%C3%A9rcito+de+los+Andes+591%2C+D5700BQC+San+Luis!5e0!3m2!1ses-419!2sar!4v1557861758960!5m2!1ses-419!2sar\" frameborder=\"0\" width=\"1200\" height=\"450\" marginwidth=\"0\" marginheight=\"0\" scrolling=\"no\"><\/iframe><\/div><\/span><\/span><\/span><\/span><\/p>\n<h2><span style=\"vertical-align: inherit;\"><span style=\"vertical-align: inherit;\"><div class=\"sm_hr\"><\/div><!-- .sm_hr (end) --><\/span><\/span><\/h2>\n<h2><span style=\"vertical-align: inherit;\">Formulario de Contacto \"Abogados en San Luis\"<\/span><\/h2>\n\n<div class=\"wpcf7 no-js\" id=\"wpcf7-f3033-o1\" lang=\"es-ES\" dir=\"ltr\" data-wpcf7-id=\"3033\">\n<div class=\"screen-reader-response\"><p role=\"status\" aria-live=\"polite\" aria-atomic=\"true\"><\/p> <ul><\/ul><\/div>\n<form action=\"\/inicio\/wp-json\/wp\/v2\/pages\/3345#wpcf7-f3033-o1\" method=\"post\" class=\"wpcf7-form init\" aria-label=\"Formulario de contacto\" novalidate=\"novalidate\" data-status=\"init\">\n<fieldset class=\"hidden-fields-container\"><input type=\"hidden\" name=\"_wpcf7\" value=\"3033\" \/><input type=\"hidden\" name=\"_wpcf7_version\" value=\"6.1.5\" \/><input type=\"hidden\" name=\"_wpcf7_locale\" value=\"es_ES\" \/><input type=\"hidden\" name=\"_wpcf7_unit_tag\" value=\"wpcf7-f3033-o1\" \/><input type=\"hidden\" name=\"_wpcf7_container_post\" value=\"0\" \/><input type=\"hidden\" name=\"_wpcf7_posted_data_hash\" value=\"\" \/><input type=\"hidden\" name=\"_wpcf7_recaptcha_response\" value=\"\" \/>\n<\/fieldset>\n<font size=3 color=#000000> Nombre y Apellido\n<\/font>\n<p><span class=\"wpcf7-form-control-wrap\" data-name=\"your-name\"><input size=\"40\" maxlength=\"400\" class=\"wpcf7-form-control wpcf7-text wpcf7-validates-as-required\" aria-required=\"true\" aria-invalid=\"false\" value=\"\" type=\"text\" name=\"your-name\" \/><\/span>\n<\/p>\n<p>\n\t<font size=3 color=#000000> Mail\n\t<\/font>\n<\/p>\n<p><span class=\"wpcf7-form-control-wrap\" data-name=\"your-email\"><input size=\"40\" maxlength=\"400\" class=\"wpcf7-form-control wpcf7-email wpcf7-validates-as-required wpcf7-text wpcf7-validates-as-email\" aria-required=\"true\" aria-invalid=\"false\" value=\"\" type=\"email\" name=\"your-email\" \/><\/span>\n<\/p>\n<p>\n\t<font size=3 color=#000000> Tel\u00e9fono\n\t<\/font>\n<\/p>\n<p><span class=\"wpcf7-form-control-wrap\" data-name=\"telefono\"><input size=\"40\" maxlength=\"400\" class=\"wpcf7-form-control wpcf7-tel wpcf7-text wpcf7-validates-as-tel\" aria-invalid=\"false\" value=\"\" type=\"tel\" name=\"telefono\" \/><\/span>\n<\/p>\n<p>\n\t<font size=3 color=#000000> Consulta\n\t<\/font>\n<\/p>\n<p><span class=\"wpcf7-form-control-wrap\" data-name=\"your-message\"><textarea cols=\"40\" rows=\"10\" maxlength=\"2000\" class=\"wpcf7-form-control wpcf7-textarea\" aria-invalid=\"false\" name=\"your-message\"><\/textarea><\/span>\n<\/p>\n<p><input class=\"wpcf7-form-control wpcf7-submit has-spinner\" type=\"submit\" value=\"Enviar\" \/>\n<\/p><p style=\"display: none !important;\" class=\"akismet-fields-container\" data-prefix=\"_wpcf7_ak_\"><label>&#916;<textarea name=\"_wpcf7_ak_hp_textarea\" cols=\"45\" rows=\"8\" maxlength=\"100\"><\/textarea><\/label><input type=\"hidden\" id=\"ak_js_1\" name=\"_wpcf7_ak_js\" value=\"25\"\/><script>document.getElementById( \"ak_js_1\" ).setAttribute( \"value\", ( new Date() ).getTime() );<\/script><\/p><input type='hidden' class='wpcf7-pum' value='{\"closepopup\":false,\"closedelay\":0,\"openpopup\":true,\"openpopup_id\":2663}' \/><div class=\"wpcf7-response-output\" aria-hidden=\"true\"><\/div>\n<\/form>\n<\/div>\n\n<h2><span style=\"vertical-align: inherit;\"><span style=\"vertical-align: inherit;\"><div class=\"sm_hr\"><\/div><!-- .sm_hr (end) --><\/span><\/span><\/h2>\n<p>\u00a0<\/p>\n\n\n<p><\/p>\n","protected":false},"excerpt":{"rendered":"ABOGADOS LACL\u00c9 en SAN LUIS Abogado Responsable: Dr. Rodrigo J. Tr\u00edpodi \u00a0 Av. Ej\u00e9rcito de los Andres 591 - San Luis\u00a0 \u00a0 \u00a0 Formulario de Contacto \"Abogados en San Luis\" \u00a0","protected":false},"author":2,"featured_media":3003,"parent":0,"menu_order":0,"comment_status":"closed","ping_status":"closed","template":"page-home.php","meta":{"footnotes":""},"class_list":["post-3345","page","type-page","status-publish","has-post-thumbnail","hentry"],"yoast_head":"<!-- This site is optimized with the Yoast SEO plugin v27.4 - https:\/\/yoast.com\/product\/yoast-seo-wordpress\/ -->\n<title>Abogados en San Luis I Atenci\u00f3n Inmediata I ESTUDIO LACL\u00c9<\/title>\n<meta name=\"description\" content=\"ABOGADOS EN SAN LUIS - LACL\u00c9 ABOGADOS - Representante Regional: Rodr\u00edgo Tr\u00edpodi - Av. Ej\u00e9rcito de los Andres 591 - San Luis, Argentina. La Respuesta nos define.\" \/>\n<meta name=\"robots\" content=\"index, follow, max-snippet:-1, max-image-preview:large, max-video-preview:-1\" \/>\n<link rel=\"canonical\" href=\"https:\/\/estudiocl.com\/inicio\/abogados-san-luis\/\" \/>\n<meta property=\"og:locale\" content=\"es_ES\" \/>\n<meta property=\"og:type\" content=\"article\" \/>\n<meta property=\"og:title\" content=\"Abogados en San Luis I Atenci\u00f3n Inmediata I ESTUDIO LACL\u00c9\" \/>\n<meta property=\"og:description\" content=\"ABOGADOS EN SAN LUIS - LACL\u00c9 ABOGADOS - Representante Regional: Rodr\u00edgo Tr\u00edpodi - Av. Ej\u00e9rcito de los Andres 591 - San Luis, Argentina. La Respuesta nos define.\" \/>\n<meta property=\"og:url\" content=\"https:\/\/estudiocl.com\/inicio\/abogados-san-luis\/\" \/>\n<meta property=\"og:site_name\" content=\"Abogados en C\u00f3rdoba\" \/>\n<meta property=\"article:modified_time\" content=\"2019-05-16T19:02:04+00:00\" \/>\n<meta property=\"og:image\" content=\"https:\/\/estudiocl.com\/inicio\/wp-content\/uploads\/2018\/05\/Logotipo-Lacl\u00e9-1-alta-300x300.jpg\" \/>\n\t<meta property=\"og:image:width\" content=\"300\" \/>\n\t<meta property=\"og:image:height\" content=\"300\" \/>\n\t<meta property=\"og:image:type\" content=\"image\/jpeg\" \/>\n<meta name=\"twitter:card\" content=\"summary_large_image\" \/>\n<meta name=\"twitter:label1\" content=\"Tiempo de lectura\" \/>\n\t<meta name=\"twitter:data1\" content=\"2 minutos\" \/>\n<script type=\"application\/ld+json\" class=\"yoast-schema-graph\">{\"@context\":\"https:\\\/\\\/schema.org\",\"@graph\":[{\"@type\":\"WebPage\",\"@id\":\"https:\\\/\\\/estudiocl.com\\\/inicio\\\/abogados-san-luis\\\/\",\"url\":\"https:\\\/\\\/estudiocl.com\\\/inicio\\\/abogados-san-luis\\\/\",\"name\":\"Abogados en San Luis I Atenci\u00f3n Inmediata I ESTUDIO LACL\u00c9\",\"isPartOf\":{\"@id\":\"https:\\\/\\\/estudiocl.com\\\/inicio\\\/#website\"},\"primaryImageOfPage\":{\"@id\":\"https:\\\/\\\/estudiocl.com\\\/inicio\\\/abogados-san-luis\\\/#primaryimage\"},\"image\":{\"@id\":\"https:\\\/\\\/estudiocl.com\\\/inicio\\\/abogados-san-luis\\\/#primaryimage\"},\"thumbnailUrl\":\"https:\\\/\\\/estudiocl.com\\\/inicio\\\/wp-content\\\/uploads\\\/2018\\\/05\\\/Logotipo-Lacl\u00e9-1-alta-300x300.jpg\",\"datePublished\":\"2019-05-14T20:01:33+00:00\",\"dateModified\":\"2019-05-16T19:02:04+00:00\",\"description\":\"ABOGADOS EN SAN LUIS - LACL\u00c9 ABOGADOS - Representante Regional: Rodr\u00edgo Tr\u00edpodi - Av. Ej\u00e9rcito de los Andres 591 - San Luis, Argentina. La Respuesta nos define.\",\"breadcrumb\":{\"@id\":\"https:\\\/\\\/estudiocl.com\\\/inicio\\\/abogados-san-luis\\\/#breadcrumb\"},\"inLanguage\":\"es\",\"potentialAction\":[{\"@type\":\"ReadAction\",\"target\":[\"https:\\\/\\\/estudiocl.com\\\/inicio\\\/abogados-san-luis\\\/\"]}]},{\"@type\":\"ImageObject\",\"inLanguage\":\"es\",\"@id\":\"https:\\\/\\\/estudiocl.com\\\/inicio\\\/abogados-san-luis\\\/#primaryimage\",\"url\":\"https:\\\/\\\/estudiocl.com\\\/inicio\\\/wp-content\\\/uploads\\\/2018\\\/05\\\/Logotipo-Lacl\u00e9-1-alta-300x300.jpg\",\"contentUrl\":\"https:\\\/\\\/estudiocl.com\\\/inicio\\\/wp-content\\\/uploads\\\/2018\\\/05\\\/Logotipo-Lacl\u00e9-1-alta-300x300.jpg\",\"width\":300,\"height\":300,\"caption\":\"abogados en cordoba\"},{\"@type\":\"BreadcrumbList\",\"@id\":\"https:\\\/\\\/estudiocl.com\\\/inicio\\\/abogados-san-luis\\\/#breadcrumb\",\"itemListElement\":[{\"@type\":\"ListItem\",\"position\":1,\"name\":\"Portada\",\"item\":\"https:\\\/\\\/estudiocl.com\\\/inicio\\\/\"},{\"@type\":\"ListItem\",\"position\":2,\"name\":\"Abogados en San Luis\"}]},{\"@type\":\"WebSite\",\"@id\":\"https:\\\/\\\/estudiocl.com\\\/inicio\\\/#website\",\"url\":\"https:\\\/\\\/estudiocl.com\\\/inicio\\\/\",\"name\":\"Abogados en C\u00f3rdoba\",\"description\":\"Lacl\u00e9 Abogados en C\u00f3rdoba - Estudio Jur\u00eddico en C\u00f3rdoba\",\"potentialAction\":[{\"@type\":\"SearchAction\",\"target\":{\"@type\":\"EntryPoint\",\"urlTemplate\":\"https:\\\/\\\/estudiocl.com\\\/inicio\\\/?s={search_term_string}\"},\"query-input\":{\"@type\":\"PropertyValueSpecification\",\"valueRequired\":true,\"valueName\":\"search_term_string\"}}],\"inLanguage\":\"es\"}]}<\/script>\n<!-- \/ Yoast SEO plugin. -->","yoast_head_json":{"title":"Abogados en San Luis I Atenci\u00f3n Inmediata I ESTUDIO LACL\u00c9","description":"ABOGADOS EN SAN LUIS - LACL\u00c9 ABOGADOS - Representante Regional: Rodr\u00edgo Tr\u00edpodi - Av. Ej\u00e9rcito de los Andres 591 - San Luis, Argentina. La Respuesta nos define.","robots":{"index":"index","follow":"follow","max-snippet":"max-snippet:-1","max-image-preview":"max-image-preview:large","max-video-preview":"max-video-preview:-1"},"canonical":"https:\/\/estudiocl.com\/inicio\/abogados-san-luis\/","og_locale":"es_ES","og_type":"article","og_title":"Abogados en San Luis I Atenci\u00f3n Inmediata I ESTUDIO LACL\u00c9","og_description":"ABOGADOS EN SAN LUIS - LACL\u00c9 ABOGADOS - Representante Regional: Rodr\u00edgo Tr\u00edpodi - Av. Ej\u00e9rcito de los Andres 591 - San Luis, Argentina. La Respuesta nos define.","og_url":"https:\/\/estudiocl.com\/inicio\/abogados-san-luis\/","og_site_name":"Abogados en C\u00f3rdoba","article_modified_time":"2019-05-16T19:02:04+00:00","og_image":[{"width":300,"height":300,"url":"https:\/\/estudiocl.com\/inicio\/wp-content\/uploads\/2018\/05\/Logotipo-Lacl\u00e9-1-alta-300x300.jpg","type":"image\/jpeg"}],"twitter_card":"summary_large_image","twitter_misc":{"Tiempo de lectura":"2 minutos"},"schema":{"@context":"https:\/\/schema.org","@graph":[{"@type":"WebPage","@id":"https:\/\/estudiocl.com\/inicio\/abogados-san-luis\/","url":"https:\/\/estudiocl.com\/inicio\/abogados-san-luis\/","name":"Abogados en San Luis I Atenci\u00f3n Inmediata I ESTUDIO LACL\u00c9","isPartOf":{"@id":"https:\/\/estudiocl.com\/inicio\/#website"},"primaryImageOfPage":{"@id":"https:\/\/estudiocl.com\/inicio\/abogados-san-luis\/#primaryimage"},"image":{"@id":"https:\/\/estudiocl.com\/inicio\/abogados-san-luis\/#primaryimage"},"thumbnailUrl":"https:\/\/estudiocl.com\/inicio\/wp-content\/uploads\/2018\/05\/Logotipo-Lacl\u00e9-1-alta-300x300.jpg","datePublished":"2019-05-14T20:01:33+00:00","dateModified":"2019-05-16T19:02:04+00:00","description":"ABOGADOS EN SAN LUIS - LACL\u00c9 ABOGADOS - Representante Regional: Rodr\u00edgo Tr\u00edpodi - Av. Ej\u00e9rcito de los Andres 591 - San Luis, Argentina. La Respuesta nos define.","breadcrumb":{"@id":"https:\/\/estudiocl.com\/inicio\/abogados-san-luis\/#breadcrumb"},"inLanguage":"es","potentialAction":[{"@type":"ReadAction","target":["https:\/\/estudiocl.com\/inicio\/abogados-san-luis\/"]}]},{"@type":"ImageObject","inLanguage":"es","@id":"https:\/\/estudiocl.com\/inicio\/abogados-san-luis\/#primaryimage","url":"https:\/\/estudiocl.com\/inicio\/wp-content\/uploads\/2018\/05\/Logotipo-Lacl\u00e9-1-alta-300x300.jpg","contentUrl":"https:\/\/estudiocl.com\/inicio\/wp-content\/uploads\/2018\/05\/Logotipo-Lacl\u00e9-1-alta-300x300.jpg","width":300,"height":300,"caption":"abogados en cordoba"},{"@type":"BreadcrumbList","@id":"https:\/\/estudiocl.com\/inicio\/abogados-san-luis\/#breadcrumb","itemListElement":[{"@type":"ListItem","position":1,"name":"Portada","item":"https:\/\/estudiocl.com\/inicio\/"},{"@type":"ListItem","position":2,"name":"Abogados en San Luis"}]},{"@type":"WebSite","@id":"https:\/\/estudiocl.com\/inicio\/#website","url":"https:\/\/estudiocl.com\/inicio\/","name":"Abogados en C\u00f3rdoba","description":"Lacl\u00e9 Abogados en C\u00f3rdoba - Estudio Jur\u00eddico en C\u00f3rdoba","potentialAction":[{"@type":"SearchAction","target":{"@type":"EntryPoint","urlTemplate":"https:\/\/estudiocl.com\/inicio\/?s={search_term_string}"},"query-input":{"@type":"PropertyValueSpecification","valueRequired":true,"valueName":"search_term_string"}}],"inLanguage":"es"}]}},"_links":{"self":[{"href":"https:\/\/estudiocl.com\/inicio\/wp-json\/wp\/v2\/pages\/3345","targetHints":{"allow":["GET"]}}],"collection":[{"href":"https:\/\/estudiocl.com\/inicio\/wp-json\/wp\/v2\/pages"}],"about":[{"href":"https:\/\/estudiocl.com\/inicio\/wp-json\/wp\/v2\/types\/page"}],"author":[{"embeddable":true,"href":"https:\/\/estudiocl.com\/inicio\/wp-json\/wp\/v2\/users\/2"}],"replies":[{"embeddable":true,"href":"https:\/\/estudiocl.com\/inicio\/wp-json\/wp\/v2\/comments?post=3345"}],"version-history":[{"count":39,"href":"https:\/\/estudiocl.com\/inicio\/wp-json\/wp\/v2\/pages\/3345\/revisions"}],"predecessor-version":[{"id":3443,"href":"https:\/\/estudiocl.com\/inicio\/wp-json\/wp\/v2\/pages\/3345\/revisions\/3443"}],"wp:featuredmedia":[{"embeddable":true,"href":"https:\/\/estudiocl.com\/inicio\/wp-json\/wp\/v2\/media\/3003"}],"wp:attachment":[{"href":"https:\/\/estudiocl.com\/inicio\/wp-json\/wp\/v2\/media?parent=3345"}],"curies":[{"name":"wp","href":"https:\/\/api.w.org\/{rel}","templated":true}]}}