{"id":2674,"date":"2018-02-19T15:31:52","date_gmt":"2018-02-19T15:31:52","guid":{"rendered":"http:\/\/estudiocl.com\/inicio\/?page_id=2674"},"modified":"2025-02-13T14:26:50","modified_gmt":"2025-02-13T17:26:50","slug":"derecho-penal","status":"publish","type":"page","link":"https:\/\/estudiocl.com\/inicio\/derecho-penal\/","title":{"rendered":"Derecho Penal"},"content":{"rendered":"\r\n<div class=\"wp-block-group\">\r\n<div class=\"wp-block-group__inner-container is-layout-flow wp-block-group-is-layout-flow\">\r\n<p><span style=\"vertical-align: inherit;\"><span style=\"vertical-align: inherit;\"><span style=\"vertical-align: inherit;\"><span style=\"vertical-align: inherit;\"><span style=\"vertical-align: inherit;\"><span style=\"vertical-align: inherit;\"><div class=\"mp-span12 motopress-clmn\"><\/div><\/span><\/span><\/span><\/span><\/span><\/span><\/p>\r\n\r\n\r\n\r\n<h2 class=\"has-text-align-center wp-block-heading\">ABOGADOS <strong>PENALISTAS\u00a0<\/strong>en C\u00d3RDOBA<\/h2>\r\n\r\n\r\n\r\n<p><span style=\"vertical-align: inherit;\"><span style=\"vertical-align: inherit;\"><span style=\"vertical-align: inherit;\"><span style=\"vertical-align: inherit;\"><div class=\"support-box\"><div class=\"row\"><span class=\"title span3\">Obtenga respuesta a su consulta legal:<\/span><span class=\"phone span4\"><span class=\"phone-title\">llame al tel\u00e9fono:<\/span><span class=\"phone-num\">(351) 6016629<\/span><\/span><span class=\"span2\"><span class=\"operation-time\">Atenci\u00f3n por Urgencias<\/span><\/span><a href=\"http:\/\/estudiocl.com\/inicio\/contacts\/\" class=\"link span3\"><span class=\"inner\"><strong>24\/7<\/strong><small><\/small><\/span><\/a><\/div><\/div> <div class=\"row \"><\/div><!-- .row (end) --> <div class=\"span12 \"><\/div><\/span><\/span><\/span><\/span><\/p>\r\n\r\n\r\n\r\n\r\n\r\n\r\n\r\n<h3 class=\"wp-block-heading\"><div class=\"service-box \"><div class=\"service-box_body\"><h2 class=\"title\">\u00a1CONSULTE AHORA!<\/h2><h5 class=\"sub-title\">Procedimiento, tiempos y estrategias Penales<\/h5><div class=\"service-box_txt\">Defensas Penales  Violencia Familiar  Detenciones Prisi\u00f3n Preventiva Apelaciones y Recursos Penales Querellas Defensas espec\u00edficas por Homicidios Robos Hurtos Estafas Apremios Ilegales Cibercrimen Ley de Estupefacientes Narcotr\u00e1fico Delito Penal Ec\u00f3nomico y de los Negocios<\/div><div class=\"btn-align\"><a href=\"https:\/\/wa.me\/5493516016629\" title=\"Clic aqui (para contacto directo)\" class=\"btn btn-inverse btn-normal btn-primary \" target=\"_self\">Clic aqui (para contacto directo)<\/a><\/div><\/div><\/div><!-- \/Service Box --><\/h3>\r\n\r\n\r\n\r\n<figure class=\"wp-block-video\"><\/figure>\r\n\r\n\r\n\r\n\r\n\r\n\r\n\r\n\r\n\r\n\r\n\r\n\r\n\r\n\r\n\r\n\r\n\r\n<p><span style=\"vertical-align: inherit;\"><span style=\"vertical-align: inherit;\"><span style=\"vertical-align: inherit;\"><span style=\"vertical-align: inherit;\"><div class=\"google-map\"><iframe src=\"https:\/\/www.google.com\/maps\/embed?pb=!1m18!1m12!1m3!1d3404.9910422700273!2d-64.19456368485199!3d-31.414372881404866!2m3!1f0!2f0!3f0!3m2!1i1024!2i768!4f13.1!3m3!1m2!1s0x9432a28380a0222d%3A0x96de227a117242a9!2sLACL%C3%89%20-%20Abogados%20en%20C%C3%B3rdoba!5e0!3m2!1ses-419!2sar!4v1626959470631!5m2!1ses-419!2sar\" frameborder=\"0\" width=\"1200\" height=\"450\" marginwidth=\"0\" marginheight=\"0\" scrolling=\"no\"><\/iframe><\/div><\/span><\/span><\/span><\/span><\/p>\r\n\r\n\r\n\r\n\r\n\r\n<h2 class=\"wp-block-heading\"><span style=\"vertical-align: inherit;\"><a href=\"http:\/\/estudiocl.com\/inicio\/wp-content\/uploads\/2019\/04\/abogado-penalista-cordoba.jpg\"><img decoding=\"async\" class=\"alignnone size-thumbnail wp-image-3322\" src=\"http:\/\/estudiocl.com\/inicio\/wp-content\/uploads\/2019\/04\/abogado-penalista-cordoba-150x150.jpg\" alt=\"abogado penalista cordoba\" width=\"150\" height=\"150\" \/><\/a>Formulario de Contacto \"Abogados Penalistas en C\u00f3rdoba\"<\/span><\/h2>\r\n\r\n\r\n\n<div class=\"wpcf7 no-js\" id=\"wpcf7-f3033-o1\" lang=\"es-ES\" dir=\"ltr\" data-wpcf7-id=\"3033\">\n<div class=\"screen-reader-response\"><p role=\"status\" aria-live=\"polite\" aria-atomic=\"true\"><\/p> <ul><\/ul><\/div>\n<form action=\"\/inicio\/wp-json\/wp\/v2\/pages\/2674#wpcf7-f3033-o1\" method=\"post\" class=\"wpcf7-form init\" aria-label=\"Formulario de contacto\" novalidate=\"novalidate\" data-status=\"init\">\n<fieldset class=\"hidden-fields-container\"><input type=\"hidden\" name=\"_wpcf7\" value=\"3033\" \/><input type=\"hidden\" name=\"_wpcf7_version\" value=\"6.1.6\" \/><input type=\"hidden\" name=\"_wpcf7_locale\" value=\"es_ES\" \/><input type=\"hidden\" name=\"_wpcf7_unit_tag\" value=\"wpcf7-f3033-o1\" \/><input type=\"hidden\" name=\"_wpcf7_container_post\" value=\"0\" \/><input type=\"hidden\" name=\"_wpcf7_posted_data_hash\" value=\"\" \/><input type=\"hidden\" name=\"_wpcf7_recaptcha_response\" value=\"\" \/>\n<\/fieldset>\n<font size=3 color=#000000> Nombre y Apellido\n<\/font>\n<p><span class=\"wpcf7-form-control-wrap\" data-name=\"your-name\"><input size=\"40\" maxlength=\"400\" class=\"wpcf7-form-control wpcf7-text wpcf7-validates-as-required\" aria-required=\"true\" aria-invalid=\"false\" value=\"\" type=\"text\" name=\"your-name\" \/><\/span>\n<\/p>\n<p>\n\t<font size=3 color=#000000> Mail\n\t<\/font>\n<\/p>\n<p><span class=\"wpcf7-form-control-wrap\" data-name=\"your-email\"><input size=\"40\" maxlength=\"400\" class=\"wpcf7-form-control wpcf7-email wpcf7-validates-as-required wpcf7-text wpcf7-validates-as-email\" aria-required=\"true\" aria-invalid=\"false\" value=\"\" type=\"email\" name=\"your-email\" \/><\/span>\n<\/p>\n<p>\n\t<font size=3 color=#000000> Tel\u00e9fono\n\t<\/font>\n<\/p>\n<p><span class=\"wpcf7-form-control-wrap\" data-name=\"telefono\"><input size=\"40\" maxlength=\"400\" class=\"wpcf7-form-control wpcf7-tel wpcf7-text wpcf7-validates-as-tel\" aria-invalid=\"false\" value=\"\" type=\"tel\" name=\"telefono\" \/><\/span>\n<\/p>\n<p>\n\t<font size=3 color=#000000> Consulta\n\t<\/font>\n<\/p>\n<p><span class=\"wpcf7-form-control-wrap\" data-name=\"your-message\"><textarea cols=\"40\" rows=\"10\" maxlength=\"2000\" class=\"wpcf7-form-control wpcf7-textarea\" aria-invalid=\"false\" name=\"your-message\"><\/textarea><\/span>\n<\/p>\n<p><input class=\"wpcf7-form-control wpcf7-submit has-spinner\" type=\"submit\" value=\"Enviar\" \/>\n<\/p><p style=\"display: none !important;\" class=\"akismet-fields-container\" data-prefix=\"_wpcf7_ak_\"><label>&#916;<textarea name=\"_wpcf7_ak_hp_textarea\" cols=\"45\" rows=\"8\" maxlength=\"100\"><\/textarea><\/label><input type=\"hidden\" id=\"ak_js_1\" name=\"_wpcf7_ak_js\" value=\"234\"\/><script type=\"text\/javascript\">\n\/* <![CDATA[ *\/\ndocument.getElementById( \"ak_js_1\" ).setAttribute( \"value\", ( new Date() ).getTime() );\n\/* ]]> *\/\n<\/script>\n<\/p><input type='hidden' class='wpcf7-pum' value='{\"closepopup\":false,\"closedelay\":0,\"openpopup\":true,\"openpopup_id\":2663}' \/><div class=\"wpcf7-response-output\" aria-hidden=\"true\"><\/div>\n<\/form>\n<\/div>\n\n<\/div>\r\n<\/div>\r\n","protected":false},"excerpt":{"rendered":"ABOGADOS PENALISTAS\u00a0en C\u00d3RDOBA Formulario de Contacto \"Abogados Penalistas en C\u00f3rdoba\"","protected":false},"author":2,"featured_media":0,"parent":0,"menu_order":0,"comment_status":"closed","ping_status":"closed","template":"page-home.php","meta":{"footnotes":""},"class_list":["post-2674","page","type-page","status-publish","hentry"],"yoast_head":"<!-- This site is optimized with the Yoast SEO plugin v27.6 - https:\/\/yoast.com\/product\/yoast-seo-wordpress\/ -->\n<title>Abogados Penalistas en C\u00f3rdoba - Especialistas en Derecho Penal<\/title>\n<meta name=\"description\" content=\"LACLE - ABOGADOS PENALISTAS\u00a0EN C\u00d3RDOBA Todas las Defensas - Atenci\u00f3n por Urgencias - Excarcelaciones - Intervenci\u00f3n Inmediata - Apelaciones y Recursos - Violencia Familiar - Estafas - Robos - Delitos Econ\u00f3micos\" \/>\n<meta name=\"robots\" content=\"index, follow, max-snippet:-1, max-image-preview:large, max-video-preview:-1\" \/>\n<link rel=\"canonical\" href=\"https:\/\/estudiocl.com\/inicio\/derecho-penal\/\" \/>\n<meta property=\"og:locale\" content=\"es_ES\" \/>\n<meta property=\"og:type\" content=\"article\" \/>\n<meta property=\"og:title\" content=\"Abogados Penalistas en C\u00f3rdoba - Especialistas en Derecho Penal\" \/>\n<meta property=\"og:description\" content=\"LACLE - ABOGADOS PENALISTAS\u00a0EN C\u00d3RDOBA Todas las Defensas - Atenci\u00f3n por Urgencias - Excarcelaciones - Intervenci\u00f3n Inmediata - Apelaciones y Recursos - Violencia Familiar - Estafas - Robos - Delitos Econ\u00f3micos\" \/>\n<meta property=\"og:url\" content=\"https:\/\/estudiocl.com\/inicio\/derecho-penal\/\" \/>\n<meta property=\"og:site_name\" content=\"Abogados en C\u00f3rdoba\" \/>\n<meta property=\"article:modified_time\" content=\"2025-02-13T17:26:50+00:00\" \/>\n<meta property=\"og:image\" content=\"https:\/\/estudiocl.com\/inicio\/wp-content\/uploads\/2019\/04\/abogado-penalista-cordoba.jpg\" \/>\n\t<meta property=\"og:image:width\" content=\"1024\" \/>\n\t<meta property=\"og:image:height\" content=\"768\" \/>\n\t<meta property=\"og:image:type\" content=\"image\/jpeg\" \/>\n<meta name=\"twitter:card\" content=\"summary_large_image\" \/>\n<meta name=\"twitter:label1\" content=\"Tiempo de lectura\" \/>\n\t<meta name=\"twitter:data1\" content=\"1 minuto\" \/>\n<script type=\"application\/ld+json\" class=\"yoast-schema-graph\">{\"@context\":\"https:\\\/\\\/schema.org\",\"@graph\":[{\"@type\":\"WebPage\",\"@id\":\"https:\\\/\\\/estudiocl.com\\\/inicio\\\/derecho-penal\\\/\",\"url\":\"https:\\\/\\\/estudiocl.com\\\/inicio\\\/derecho-penal\\\/\",\"name\":\"Abogados Penalistas en C\u00f3rdoba - Especialistas en Derecho Penal\",\"isPartOf\":{\"@id\":\"https:\\\/\\\/estudiocl.com\\\/inicio\\\/#website\"},\"primaryImageOfPage\":{\"@id\":\"https:\\\/\\\/estudiocl.com\\\/inicio\\\/derecho-penal\\\/#primaryimage\"},\"image\":{\"@id\":\"https:\\\/\\\/estudiocl.com\\\/inicio\\\/derecho-penal\\\/#primaryimage\"},\"thumbnailUrl\":\"http:\\\/\\\/estudiocl.com\\\/inicio\\\/wp-content\\\/uploads\\\/2019\\\/04\\\/abogado-penalista-cordoba-150x150.jpg\",\"datePublished\":\"2018-02-19T15:31:52+00:00\",\"dateModified\":\"2025-02-13T17:26:50+00:00\",\"description\":\"LACLE - ABOGADOS PENALISTAS\u00a0EN C\u00d3RDOBA Todas las Defensas - Atenci\u00f3n por Urgencias - Excarcelaciones - Intervenci\u00f3n Inmediata - Apelaciones y Recursos - Violencia Familiar - Estafas - Robos - Delitos Econ\u00f3micos\",\"breadcrumb\":{\"@id\":\"https:\\\/\\\/estudiocl.com\\\/inicio\\\/derecho-penal\\\/#breadcrumb\"},\"inLanguage\":\"es\",\"potentialAction\":[{\"@type\":\"ReadAction\",\"target\":[\"https:\\\/\\\/estudiocl.com\\\/inicio\\\/derecho-penal\\\/\"]}]},{\"@type\":\"ImageObject\",\"inLanguage\":\"es\",\"@id\":\"https:\\\/\\\/estudiocl.com\\\/inicio\\\/derecho-penal\\\/#primaryimage\",\"url\":\"http:\\\/\\\/estudiocl.com\\\/inicio\\\/wp-content\\\/uploads\\\/2019\\\/04\\\/abogado-penalista-cordoba-150x150.jpg\",\"contentUrl\":\"http:\\\/\\\/estudiocl.com\\\/inicio\\\/wp-content\\\/uploads\\\/2019\\\/04\\\/abogado-penalista-cordoba-150x150.jpg\"},{\"@type\":\"BreadcrumbList\",\"@id\":\"https:\\\/\\\/estudiocl.com\\\/inicio\\\/derecho-penal\\\/#breadcrumb\",\"itemListElement\":[{\"@type\":\"ListItem\",\"position\":1,\"name\":\"Portada\",\"item\":\"https:\\\/\\\/estudiocl.com\\\/inicio\\\/\"},{\"@type\":\"ListItem\",\"position\":2,\"name\":\"Derecho Penal\"}]},{\"@type\":\"WebSite\",\"@id\":\"https:\\\/\\\/estudiocl.com\\\/inicio\\\/#website\",\"url\":\"https:\\\/\\\/estudiocl.com\\\/inicio\\\/\",\"name\":\"Abogados en C\u00f3rdoba\",\"description\":\"Lacl\u00e9 Abogados en C\u00f3rdoba - Estudio Jur\u00eddico en C\u00f3rdoba\",\"potentialAction\":[{\"@type\":\"SearchAction\",\"target\":{\"@type\":\"EntryPoint\",\"urlTemplate\":\"https:\\\/\\\/estudiocl.com\\\/inicio\\\/?s={search_term_string}\"},\"query-input\":{\"@type\":\"PropertyValueSpecification\",\"valueRequired\":true,\"valueName\":\"search_term_string\"}}],\"inLanguage\":\"es\"}]}<\/script>\n<!-- \/ Yoast SEO plugin. -->","yoast_head_json":{"title":"Abogados Penalistas en C\u00f3rdoba - Especialistas en Derecho Penal","description":"LACLE - ABOGADOS PENALISTAS\u00a0EN C\u00d3RDOBA Todas las Defensas - Atenci\u00f3n por Urgencias - Excarcelaciones - Intervenci\u00f3n Inmediata - Apelaciones y Recursos - Violencia Familiar - Estafas - Robos - Delitos Econ\u00f3micos","robots":{"index":"index","follow":"follow","max-snippet":"max-snippet:-1","max-image-preview":"max-image-preview:large","max-video-preview":"max-video-preview:-1"},"canonical":"https:\/\/estudiocl.com\/inicio\/derecho-penal\/","og_locale":"es_ES","og_type":"article","og_title":"Abogados Penalistas en C\u00f3rdoba - Especialistas en Derecho Penal","og_description":"LACLE - ABOGADOS PENALISTAS\u00a0EN C\u00d3RDOBA Todas las Defensas - Atenci\u00f3n por Urgencias - Excarcelaciones - Intervenci\u00f3n Inmediata - Apelaciones y Recursos - Violencia Familiar - Estafas - Robos - Delitos Econ\u00f3micos","og_url":"https:\/\/estudiocl.com\/inicio\/derecho-penal\/","og_site_name":"Abogados en C\u00f3rdoba","article_modified_time":"2025-02-13T17:26:50+00:00","og_image":[{"width":1024,"height":768,"url":"https:\/\/estudiocl.com\/inicio\/wp-content\/uploads\/2019\/04\/abogado-penalista-cordoba.jpg","type":"image\/jpeg"}],"twitter_card":"summary_large_image","twitter_misc":{"Tiempo de lectura":"1 minuto"},"schema":{"@context":"https:\/\/schema.org","@graph":[{"@type":"WebPage","@id":"https:\/\/estudiocl.com\/inicio\/derecho-penal\/","url":"https:\/\/estudiocl.com\/inicio\/derecho-penal\/","name":"Abogados Penalistas en C\u00f3rdoba - Especialistas en Derecho Penal","isPartOf":{"@id":"https:\/\/estudiocl.com\/inicio\/#website"},"primaryImageOfPage":{"@id":"https:\/\/estudiocl.com\/inicio\/derecho-penal\/#primaryimage"},"image":{"@id":"https:\/\/estudiocl.com\/inicio\/derecho-penal\/#primaryimage"},"thumbnailUrl":"http:\/\/estudiocl.com\/inicio\/wp-content\/uploads\/2019\/04\/abogado-penalista-cordoba-150x150.jpg","datePublished":"2018-02-19T15:31:52+00:00","dateModified":"2025-02-13T17:26:50+00:00","description":"LACLE - ABOGADOS PENALISTAS\u00a0EN C\u00d3RDOBA Todas las Defensas - Atenci\u00f3n por Urgencias - Excarcelaciones - Intervenci\u00f3n Inmediata - Apelaciones y Recursos - Violencia Familiar - Estafas - Robos - Delitos Econ\u00f3micos","breadcrumb":{"@id":"https:\/\/estudiocl.com\/inicio\/derecho-penal\/#breadcrumb"},"inLanguage":"es","potentialAction":[{"@type":"ReadAction","target":["https:\/\/estudiocl.com\/inicio\/derecho-penal\/"]}]},{"@type":"ImageObject","inLanguage":"es","@id":"https:\/\/estudiocl.com\/inicio\/derecho-penal\/#primaryimage","url":"http:\/\/estudiocl.com\/inicio\/wp-content\/uploads\/2019\/04\/abogado-penalista-cordoba-150x150.jpg","contentUrl":"http:\/\/estudiocl.com\/inicio\/wp-content\/uploads\/2019\/04\/abogado-penalista-cordoba-150x150.jpg"},{"@type":"BreadcrumbList","@id":"https:\/\/estudiocl.com\/inicio\/derecho-penal\/#breadcrumb","itemListElement":[{"@type":"ListItem","position":1,"name":"Portada","item":"https:\/\/estudiocl.com\/inicio\/"},{"@type":"ListItem","position":2,"name":"Derecho Penal"}]},{"@type":"WebSite","@id":"https:\/\/estudiocl.com\/inicio\/#website","url":"https:\/\/estudiocl.com\/inicio\/","name":"Abogados en C\u00f3rdoba","description":"Lacl\u00e9 Abogados en C\u00f3rdoba - Estudio Jur\u00eddico en C\u00f3rdoba","potentialAction":[{"@type":"SearchAction","target":{"@type":"EntryPoint","urlTemplate":"https:\/\/estudiocl.com\/inicio\/?s={search_term_string}"},"query-input":{"@type":"PropertyValueSpecification","valueRequired":true,"valueName":"search_term_string"}}],"inLanguage":"es"}]}},"_links":{"self":[{"href":"https:\/\/estudiocl.com\/inicio\/wp-json\/wp\/v2\/pages\/2674","targetHints":{"allow":["GET"]}}],"collection":[{"href":"https:\/\/estudiocl.com\/inicio\/wp-json\/wp\/v2\/pages"}],"about":[{"href":"https:\/\/estudiocl.com\/inicio\/wp-json\/wp\/v2\/types\/page"}],"author":[{"embeddable":true,"href":"https:\/\/estudiocl.com\/inicio\/wp-json\/wp\/v2\/users\/2"}],"replies":[{"embeddable":true,"href":"https:\/\/estudiocl.com\/inicio\/wp-json\/wp\/v2\/comments?post=2674"}],"version-history":[{"count":108,"href":"https:\/\/estudiocl.com\/inicio\/wp-json\/wp\/v2\/pages\/2674\/revisions"}],"predecessor-version":[{"id":4907,"href":"https:\/\/estudiocl.com\/inicio\/wp-json\/wp\/v2\/pages\/2674\/revisions\/4907"}],"wp:attachment":[{"href":"https:\/\/estudiocl.com\/inicio\/wp-json\/wp\/v2\/media?parent=2674"}],"curies":[{"name":"wp","href":"https:\/\/api.w.org\/{rel}","templated":true}]}}